{"id":87,"date":"2016-12-13T09:58:19","date_gmt":"2016-12-13T09:58:19","guid":{"rendered":"https:\/\/raratheme.com\/preview\/bakes-and-cakes\/?page_id=87"},"modified":"2023-11-02T08:51:52","modified_gmt":"2023-11-02T05:51:52","slug":"discover","status":"publish","type":"page","link":"https:\/\/fidanpatisserie.com\/index.php\/discover\/","title":{"rendered":"Hakk\u0131m\u0131zda"},"content":{"rendered":"<p>Fidan Patisserie olarak y\u0131llar\u0131n vermi\u015f oldu\u011fu tecr\u00fcbe ile Pastane, Cafe, Kahvalt\u0131, Yemek, Tatl\u0131 hizmetleri sunmaktay\u0131z. \u00dcretimlerimiz ve lezzetlerimiz her zaman damaklarda kalan en g\u00fczel tatlard\u0131r.<\/p>\n","protected":false},"excerpt":{"rendered":"<p>Fidan Patisserie olarak y\u0131llar\u0131n vermi\u015f oldu\u011fu tecr\u00fcbe ile Pastane, Cafe, Kahvalt\u0131, Yemek, Tatl\u0131 hizmetleri sunmaktay\u0131z. \u00dcretimlerimiz ve lezzetlerimiz her zaman damaklarda kalan en g\u00fczel tatlard\u0131r.<\/p>\n","protected":false},"author":1,"featured_media":404,"parent":0,"menu_order":0,"comment_status":"closed","ping_status":"closed","template":"","meta":{"ngg_post_thumbnail":0},"_links":{"self":[{"href":"https:\/\/fidanpatisserie.com\/index.php\/wp-json\/wp\/v2\/pages\/87"}],"collection":[{"href":"https:\/\/fidanpatisserie.com\/index.php\/wp-json\/wp\/v2\/pages"}],"about":[{"href":"https:\/\/fidanpatisserie.com\/index.php\/wp-json\/wp\/v2\/types\/page"}],"author":[{"embeddable":true,"href":"https:\/\/fidanpatisserie.com\/index.php\/wp-json\/wp\/v2\/users\/1"}],"replies":[{"embeddable":true,"href":"https:\/\/fidanpatisserie.com\/index.php\/wp-json\/wp\/v2\/comments?post=87"}],"version-history":[{"count":6,"href":"https:\/\/fidanpatisserie.com\/index.php\/wp-json\/wp\/v2\/pages\/87\/revisions"}],"predecessor-version":[{"id":435,"href":"https:\/\/fidanpatisserie.com\/index.php\/wp-json\/wp\/v2\/pages\/87\/revisions\/435"}],"wp:featuredmedia":[{"embeddable":true,"href":"https:\/\/fidanpatisserie.com\/index.php\/wp-json\/wp\/v2\/media\/404"}],"wp:attachment":[{"href":"https:\/\/fidanpatisserie.com\/index.php\/wp-json\/wp\/v2\/media?parent=87"}],"curies":[{"name":"wp","href":"https:\/\/api.w.org\/{rel}","templated":true}]}}